 to base 16.
-4879
Convert 721 (base 12) to base 13.
616
Convert 130142 (base 5) to base 14.
1ba7
10230 (base 4) to base 16
12c
-28e (base 16) to base 8
-1216
What is -267 (base 16) in base 2?
-1001100111
What is -401 (base 11) in base 12?
-345
Convert 1021202 (base 3) to base 6.
4202
Convert 23303221 (base 4) to base 15.
e4e1
Convert -42425 (base 6) to base 11.
-4382
211242 (base 6) to base 5
1022122
What is 257 (base 10) in base 2?
100000001
28b (base 16) to base 4
22023
-a35 (base 11) to base 14
-652
Convert -12a3 (base 15) to base 9.
-5410
What is -1237 (base 12) in base 15?
-924
What is 444 (base 10) in base 11?
374
What is -3212 (base 8) in base 7?
-4611
What is -3280 (base 16) in base 6?
-135504
Convert -11004 (base 7) to base 12.
-1710
Convert -7157 (base 12) to base 11.
-9279
What is -3113 (base 7) in base 4?
-101000
3757 (base 10) to base 6
25221
530 (base 10) to base 14
29c
What is 2a7 (base 15) in base 11?
502
1128 (base 14) to base 13
147c
439 (base 10) to base 5
3224
What is -39 (base 14) in base 2?
-110011
What is -440 (base 10) in base 14?
-236
34172 (base 8) to base 7
60103
-10001110 (base 2) to base 5
-1032
What is -2452 (base 7) in base 14?
-499
What is 308c (base 13) in base 15?
1ec2
11007 (base 9) to base 13
3424
Convert 23006 (base 7) to base 15.
1ae2
What is -4435 (base 8) in base 7?
-6542
What is -2434 (base 5) in base 12?
-269
-5 (base 8) to base 16
-5
What is 55 (base 15) in base 8?
120
Convert 439 (base 12) to base 8.
1155
-101000 (base 5) to base 2
-110010110010
-1806 (base 9) to base 5
-21013
What is -1fe (base 16) in base 14?
-286
Convert 102021220 (base 3) to base 15.
268c
324521 (base 6) to base 14
9b8d
Convert 752 (base 15) to base 10.
1652
Convert -2166 (base 16) to base 9.
-12650
-2374 (base 11) to base 13
-154c
What is -4416 (base 7) in base 8?
-3055
-996 (base 13) to base 3
-2020220
What is -a63 (base 11) in base 5?
-20104
-1d97 (base 16) to base 13
-35a9
-24a (base 15) to base 4
-20020
Convert 52236 (base 8) to base 2.
101010010011110
13e (base 15) to base 9
345
Convert 1000011000000011 (base 2) to base 12.
17a2b
What is -7c22 (base 16) in base 12?
-16482
What is 110122 (base 5) in base 6?
25311
Convert 113222 (base 5) to base 12.
250b
What is 158 (base 10) in base 8?
236
What is -1a886 (base 12) in base 10?
-39270
What is -28a4a (base 12) in base 15?
-11c64
Convert 4321 (base 7) to base 6.
11034
-21010333 (base 4) to base 11
-25a33
Convert -23410 (base 8) to base 5.
-304432
Convert 2220 (base 5) to base 6.
1234
Convert 113702 (base 8) to base 10.
38850
-739 (base 16) to base 9
-2474
Convert -12780 (base 9) to base 5.
-234113
What is 5535 (base 8) in base 4?
231131
11101100110010 (base 2) to base 15
4754
Convert -2021 (base 7) to base 4.
-22331
What is 5453 (base 9) in base 2?
111110110001
-1271 (base 11) to base 14
-85d
Convert 578 (base 9) to base 8.
734
Convert -1253 (base 6) to base 8.
-501
-40301 (base 7) to base 12
-5788
Convert -21333321 (base 4) to base 16.
-9ff9
44053 (base 6) to base 13
29ca
What is 241132 (base 6) in base 4?
11020100
Convert 38a5 (base 12) to base 2.
1100100111101
Convert 112210 (base 3) to base 15.
1b9
What is 40143 (base 5) in base 9?
3441
What is 77ad (base 16) in base 8?
73655
Convert -7969 (base 10) to base 16.
-1f21
-1554 (base 10) to base 5
-22204
What is 221011 (base 4) in base 13?
1273
Convert -1745 (base 12) to base 13.
-1367
Convert 2241143 (base 5) to base 8.
116355
2c6 (base 15) to base 3
212120
What is 135025 (base 6) in base 11?
9651
-366 (base 12) to base 11
-424
-24022 (base 5) to base 7
-5065
Convert 12 (base 9) to base 13.
b
Convert 553 (base 15) to base 12.
843
What is -445b (base 13) in base 2?
-10010101000100
Convert 94a (base 12) to base 3.
1212011
What is -2a225 (base 13) in base 14?
-20d5b
What is -8bc (base 14) in base 10?
-1734
-80b (base 14) to base 7
-4414
202104 (base 7) to base 15
a2a3
What is -447 (base 13) in base 5?
-10420
What is -22141 (base 6) in base 14?
-11a5
71a (base 11) to base 4
31210
-57266 (base 9) to base 13
-14481
Convert 4460 (base 8) to base 5.
33402
What is -1581 (base 9) in base 12?
-847
Convert -553 (base 6) to base 8.
-325
What is -100201120 (base 3) in base 12?
-4129
3c8c (base 14) to base 13
4b49
What is -101100011 (base 2) in base 14?
-1b5
-1010111000010100 (base 2) to base 10
-44564
1033 (base 6) to base 10
237
101110110 (base 2) to base 15
19e
4b86 (base 12) to base 11
6507
Convert -1629 (base 10) to base 9.
-2210
Convert 20031 (base 5) to base 6.
5510
What is -38321 (base 9) in base 2?
-110010010110001
Convert -23403 (base 7) to base 4.
-1132032
Convert 22111102 (base 3) to base 2.
1100000110010
-7800 (base 10) to base 2
-1111001111000
What is -69a1 (base 13) in base 16?
-39f2
1103322 (base 4) to base 11
4042
Convert -2037 (base 12) to base 5.
-102444
-10010011101100 (base 2) to base 4
-2103230
-666 (base 13) to base 5
-13343
What is 4691 (base 11) in base 5?
144100
Convert 1110111001001 (base 2) to base 10.
7625
-117a (base 11) to base 14
-7bd
4663 (base 10) to base 3
20101201
-fc9 (base 16) to base 11
-3044
Convert b9a (base 12) to base 5.
23302
-110212001 (base 3) to base 13
-435a
-a68 (base 16) to base 15
-bc9
What is 1226 (base 13) in base 14?
d15
-1102212 (base 3) to base 16
-419
-2223100 (base 4) to base 13
-4cb1
Convert 14361 (base 14) to base 2.
1100001110010001
What is -435b (base 14) in base 15?
-36b5
Convert 2012 (base 14) to base 3.
21112212
What is 8262 (base 10) in base 9?
12300
2233 (base 10) to base 13
102a
-5 (base 16) to base 13
-5
1627 (base 8) to base 3
1021001
5819 (base 14) to base 16
3bcf
What is -105 (base 15) in base 14?
-126
What is 34273 (base 9) in base 10?
22827
-1c2 (base 14) to base 6
-1410
What is -350 (base 13) in base 10?
-572
Convert -11100000 (base 2) to base 15.
-ee
What is 16e (base 15) in base 7?
650
Convert 124535 (base 6) to base 14.
424b
What is -6702 (base 14) in base 3?
-220110200
What is 1010101011110 (base 2) in base 6?
41154
What is c7e (base 16) in base 14?
1246
34965 (base 10) to base 12
18299
Convert 89c (base 13) to base 10.
1481
What is -11112130 (base 4) in base 9?
-33051
-23631 (base 8) to base 7
-41361
Convert -579 (base 14) to base 10.
-1087
Convert eb (base 15) to base 8.
335
What is -5719 (base 10) in base 11?
-432a
Convert -100425 (base 6) to base 9.
-11788
20213 (base 4) to base 3
202102
What is -12003 (base 5) in base 4?
-31232
Convert -24 (base 9) to base 11.
-20
Convert -1202211101 (base 3) to base 6.
-425231
224 (base 14) to base 5
3144
What is 19710 (base 11) in base 8?
65526
Convert -543 (base 16) to base 13.
-7c8
Convert 3aa (base 16) to base 7.
2510
What is -45b (base 15) in base 8?
-1732
What is -43742 (base 8) in base 14?
-69c6
What is -d142 (base 15) in base 3?
-2020120122
Convert 767 (base 13) to base 2.
10011110100
What is -100010110 (base 2) in base 6?
-1142
-32141 (base 8) to base 14
-4c5b
Convert -4032 (base 5) to base 13.
-30a
Convert 303 (base 11) to base 12.
266
Convert -1332 (base 6) to base 13.
-206
What is 123155 (base 6) in base 15?
3442
What is -1104 (base 5) in base 16?
-9a
What is 8a17 (base 15) in base 13?
10429
Convert -728 (base 12) to base 3.
-1102112
a427 (base 11) to base 14
5075
Convert -5302 (base 12) to base 3.
-110110002
What is 406 (base 8) in base 16?
106
Convert -543252 (base 6) to base 12.
-21b28
-1200110 (base 3) to base 2
-10011001011
-6937 (base 10) to base 3
-100111221
What is -6644 (base 12) in base 2?
-10110000010100
Convert 200332 (base 5) to base 15.
1d2c
-1100111011 (base 2) to base 14
-431
Convert -7be0 (base 15) to base 8.
-63306
What is -5426 (base 15) in base 16?
-4593
Convert 4341 (base 7) to base 5.
22143
What is a6a7 (base 13) in base 3?
1011201100
14743 (base 10) to base 12
8647
Convert -2a (base 15) to base 4.
-220
Convert -102500 (base 7) to base 3.
-220022222
Convert 1745 (base 9) to base 8.
2471
Convert -1110011011 (base 2) to base 7.
-2456
Convert 6596 (base 11) to base 5.
234241
What is 335a (base 11) in base 13?
2021
116cc (base 16) to base 14
1c020
Convert 165 (base 11) to base 7.
363
Convert bc (base 15) to base 16.
b1
Convert 12 (base 8) to base 4.
22
51005 (base 6) to base 4
1220231
Convert 4221 (base 8) to base 3.
10000020
What is 114416 (base 8) in base 4?
21210032
Convert 2577 (base 8) 